s = -493 + 5023. What are the prime factors of s?
5, 151
Let j(f) = 19*f**2 + 7*f + 11. Let r = -49 + 45. List the prime factors of j(r).
7, 41
Suppose -4*b - w = -1223, 1248 = 4*b - 4*w - 0*w. List the prime factors of b.
307
List the prime factors of 4/(-10) - 5304/(-10).
2, 5, 53
Suppose 13*v = 81993 - 25274. What are the prime factors of v?
4363
Let n = 293 - 308. Let x = 61 + -109. Let d = n - x. What are the prime factors of d?
3, 11
Let y(l) = -8*l**3 + l**2 - 38*l - 230. What are the prime factors of y(-7)?
3, 23, 41
Suppose -4*a + 158 = -774. Suppose 3*p + 0*h - a = -2*h, -h = 2. List the prime factors of p.
79
Let d = 2135 + -1337. List the prime factors of d.
2, 3, 7, 19
Suppose -5*t - 2 - 8 = 0. Let r = 2 - t. Suppose r = -2*k - 2, -2*k - 18 = -g. What are the prime factors of g?
2, 3
Let p = 0 - -5. Let q = p + -10. List the prime factors of ((-26)/q)/(2/5).
13
Let h(i) = -i**2 + 4*i + 4. Let g be h(4). Let l(w) = w**2 + 3*w - 4. Let a be l(g). Suppose 7*q = 8*q - a. List the prime factors of q.
2, 3
Let t = 1484 - 384. Suppose 3*a = 13*a - t. List the prime factors of a.
2, 5, 11
What are the prime factors of 154165/33 - (-20)/15?
4673
Let b = 13 - -89. Suppose x = -2*x - 6, 5*r + 4*x = b. Let h = 50 - r. What are the prime factors of h?
2, 7
List the prime factors of 2 + (2 - (-283 - 5)) + 3.
5, 59
Suppose 493*g + 847 = 500*g. What are the prime factors of g?
11
Suppose 4*p + 195 = -p. Let n = p + 72. Let f = n + -18. What are the prime factors of f?
3, 5
Let y(m) = 3*m**2 + 3*m - 3. Let d be y(1). Suppose 0 = 5*l - 20, -132 = -d*u - 0*u - 3*l. List the prime factors of u.
2, 5
Let i(s) = -31*s - 4. Let h be (-24)/15 + (-2)/5. Let n be i(h). Suppose 74 = 4*m - n. List the prime factors of m.
3, 11
Let a be 2088/6*(-3)/4. List the prime factors of (-1)/3*(a - -6).
5, 17
List the prime factors of 57/(-76) - 2/(16/(-4990)).
7, 89
Let x = 104 - 83. Suppose 40 = c - x. List the prime factors of c.
61
Suppose 9*i - 192 = i. Suppose 0 = -4*h - 3*m + 325, 5*m - i - 36 = -h. List the prime factors of h.
5, 17
Suppose -2*j - 866 = -2*c, -j + 2*j + 870 = 2*c. List the prime factors of c.
19, 23
Let p = 107 + -104. Suppose m - 3 = 0, -281 = -p*u + 2*m + 31. List the prime factors of u.
2, 53
Let b be (3 - 153/2)*160/24. Let z = -275 - b. List the prime factors of z.
5, 43
Let k = 865 - 360. What are the prime factors of k?
5, 101
Suppose -c = 1 - 5. Suppose -z - 5*m = 3*z + c, 4*z = 5*m - 44. List the prime factors of z/(-4)*28 + -4.
2, 19
Let c = 548 - -359. List the prime factors of c.
907
Let u(v) = -v**2 + 8*v - 1. Let q be u(8). Let i be (-1045)/(-10) + q/(-2). Suppose i = 10*f - 5*f. List the prime factors of f.
3, 7
Let s = 925 + -513. What are the prime factors of s?
2, 103
Suppose 0 = -g, -l - 7*g = -5*g - 596. List the prime factors of l.
2, 149
Let p be 0*(-4)/16 + 91. Suppose -5*q + p = 2*u - 78, -u = -2*q + 64. Suppose m + 2*m = q. What are the prime factors of m?
11
Let k(b) = 7*b + 25. Let j = -51 - -56. What are the prime factors of k(j)?
2, 3, 5
Let t = -2 + -23. Let g = t + 91. Let i = g - 43. What are the prime factors of i?
23
Suppose 7*s - 9*s - 6 = 0. List the prime factors of 435*(-10)/15*s/6.
5, 29
Let l(n) = 5*n**2 - 4*n - 8. Let h be l(6). Suppose -3*s = 4*k - h - 74, 0 = 2*s - 4. Suppose -5*i + 141 = -k. List the prime factors of i.
3, 13
Let u = -2 + -14. Let s(h) = h**3 + 16*h**2 - 5*h - 15. What are the prime factors of s(u)?
5, 13
Suppose -l + 86 = 5*p, -5*l + 2*p + 2*p + 575 = 0. Let a(m) = 69*m. Let q be a(-1). Let b = l + q. What are the prime factors of b?
2, 3, 7
Suppose 8*k - 3171 = k. What are the prime factors of k?
3, 151
Let m = 1756 + 888. List the prime factors of m.
2, 661
Suppose 0 = 4*u - 3*u - 4. Suppose -3*x = -u*x + 2*q + 10, x + 3*q = 10. What are the prime factors of x?
2, 5
Suppose -4*z - 43 = -3*o, -11 = -5*o - 3*z + 51. Suppose -o = -4*v + 23. Suppose -5*g = u - 21, -5*g + v = -2*u - 9. What are the prime factors of g?
2
Let b = 846 + 4370. List the prime factors of b.
2, 163
Let t(h) = -6*h - 30. Let s(n) = -2*n - 5. Let u be s(5). What are the prime factors of t(u)?
2, 3, 5
Let j(q) = 4 + 0*q + 2*q - 24. Let v be j(11). Suppose -2*i + 124 = v*i. What are the prime factors of i?
31
Let l be (-90)/(-20)*2/3. Suppose x = -2, -2*u - l*u - 3*x = -134. Let g = u + 0. List the prime factors of g.
2, 7
Let v(z) = z**2 + 14*z + 2. Let w be v(-18). Suppose -5*g + k + w = 0, k + 4 = 5*k. Let x = g - 12. What are the prime factors of x?
3
Suppose 33*i = 27*i + 6372. List the prime factors of i.
2, 3, 59
Suppose -4*c = -5*p - 40, -8 = -2*p - 0*p. Suppose -c = 4*y - 127. What are the prime factors of y?
2, 7
List the prime factors of (-5)/(25/(-28115)) - 2.
7, 11, 73
Suppose -64*y + 57742 = -58034. List the prime factors of y.
3, 67
Let r(i) = 4*i**3 - 24*i**2 + 12*i - 38. List the prime factors of r(12).
2, 13, 137
Let a = 5391 - 3096. What are the prime factors of a?
3, 5, 17
Let l(u) = u**2 - 7*u + 7. Let r be l(5). Let q be r/(-4 - -1)*4. Suppose q*m - 6*m = -20. What are the prime factors of m?
2, 5
Let z(s) = s**2 + 12*s - 41. Let w(i) = 5*i**2 + 49*i - 164. Let t(q) = 2*w(q) - 9*z(q). What are the prime factors of t(6)?
17
Let i = 189 - -567. What are the prime factors of i?
2, 3, 7
Let p(g) = -3*g**3 - 11*g - 3. What are the prime factors of p(-5)?
7, 61
Suppose 5*g = j + 2220, -g - 13*j + 9*j + 465 = 0. What are the prime factors of g?
5, 89
Suppose -2*s - 4*c = 0, 4*s + c = -0*s - 28. Let r be 2/(s/(-244) - 0). Suppose 163 = 2*j + r. What are the prime factors of j?
3, 17
Let f be 24/(((-18)/4)/3). Let v be (-18)/(-8) + (-12)/f. List the prime factors of ((-13 - -1) + v)/(-1).
3
Suppose -a + 3 + 7 = 0. Let t = 14 - a. List the prime factors of (196/16)/(1/t).
7
Let n(y) = y + 1. Let q(r) = -2*r**2 - 16*r - 15. Let g(z) = -3*n(z) - q(z). What are the prime factors of g(-12)?
2, 3
Suppose -5*x + 1379 = 79. List the prime factors of x.
2, 5, 13
Let p(n) = -2*n**2 - 10*n - 49. Let x(k) = -3*k**2 - 9*k - 50. Let s(u) = 4*p(u) - 3*x(u). List the prime factors of s(27).
2, 83
Let m be 5/(-10) - (-7)/2. Let c(v) = -25*v + 4. Let j(y) = -49*y + 7. Let l(o) = m*j(o) - 5*c(o). List the prime factors of l(-1).
23
Let p = -24 - -24. Suppose p = t + 3*n - 91, 3*t + 2*n = 119 + 140. What are the prime factors of t?
5, 17
Let u = -5 - -8. Suppose 0 = u*z - 7*z + 328. List the prime factors of z.
2, 41
Let y be -8*(-3)/18 + (-4)/(-6). Suppose 0 = -0*m - m - 2*s + 114, -232 = -y*m - 3*s. List the prime factors of m.
2, 61
Let p(v) be the second derivative of v**6/180 - v**5/60 - v**4/4 - 2*v. Let y(i) be the third derivative of p(i). List the prime factors of y(8).
2, 3, 5
Suppose r + 5*m = -3*r + 177, 4*m - 4 = 0. Suppose n + 4*i - r = 0, 2*i + 2*i - 98 = -2*n. List the prime factors of n.
5, 11
Suppose -4*m + 4*i = 352, 5*m = -3*i + 99 - 563. Let h = 136 + m. List the prime factors of h.
3, 5
Let f = 16 + -11. Suppose 5 = -h, i + f = -2*h + 18. Let b = i + -17. What are the prime factors of b?
2, 3
Let l(m) = 5*m - 6. Let c = 23 + -16. Let h be l(c). Let r = h - 20. List the prime factors of r.
3
Suppose -2*t + 0*t + 8182 = p, 0 = 5*p + 10. What are the prime factors of t?
2, 3, 11, 31
Let x(h) = -h**3 - 32*h**2 - 44*h + 61. What are the prime factors of x(-31)?
2, 29
Suppose -8*t = -3*t - 160. Let g = t - 26. What are the prime factors of ((-2)/(-6))/(g/162)?
3
Suppose 5*d + 3*m = 321, 2*d + m + 3*m - 120 = 0. List the prime factors of d.
2, 3, 11
Let m(k) = k**3 + 6*k**2 - 27*k - 20. Let a be m(-9). Suppose 2*r + 10 = 4*r. List the prime factors of r + 3 + -4 - a.
2, 3
Let u = 1885 + -1306. What are the prime factors of u?
3, 193
Suppose -3*h + 8 = -2*k - 4, 3*h + 3*k - 12 = 0. Let o(q) = -5*q**3 - 5*q + 0*q**2 - 3*q**2 + 6*q**3 + 6. List the prime factors of o(h).
2
Suppose -5*b + 3*t = -72 + 22, -4*t - 20 = -2*b. List the prime factors of ((972/5)/6)/(4/b).
3
Let g = -308 + 534. What are the prime factors of g?
2, 113
Let t(j) = -j**3 + 9*j**2 + j. Suppose 5*v - 24 = 4*h, 5*h = 2*v - 9 - 4. What are the prime factors of t(v)?
2, 3, 7
Let m = -33 - -49. Suppose -m*s = -13*s - 27. Suppose c - s = -2*x, 3*x - 2*x = 5*c - 23. List the prime factors of c.
5
Suppose 0 = a - 5*a + 76. Suppose m + a = 2*